multiple of 295?
True
Is 19 a factor of 59853086?
False
Is 10564662 a multiple of 10?
False
Is 16 a factor of 136599840?
True
Does 90 divide 2918894130?
True
Is 12281247 a multiple of 15?
False
Is 5876460 a multiple of 3?
True
Does 537 divide 43612699?
False
Is 3523 a factor of 98599378?
False
Does 149 divide 34377727?
True
Is 2184327055 a multiple of 8555?
False
Is 1713 a factor of 54194773?
False
Is 141877039 a multiple of 402?
False
Does 2009 divide 2813070106?
True
Is 76476603 a multiple of 41?
True
Is 68075810 a multiple of 137?
False
Is 11 a factor of 52558363?
True
Is 2903000 a multiple of 20?
True
Is 992 a factor of 398898214?
False
Does 6 divide 31171164?
True
Is 74885120 a multiple of 5?
True
Does 20 divide 134105006?
False
Does 4 divide 68532504?
True
Is 47510352 a multiple of 522?
True
Is 3856 a factor of 889664128?
False
Is 310 a factor of 2632987170?
True
Does 2 divide 4988940?
True
Does 558 divide 424638988?
False
Is 337057630 a multiple of 70?
True
Does 10 divide 13823697?
False
Is 361992534 a multiple of 16?
False
Is 22047580 a multiple of 1150?
False
Is 4091 a factor of 755133902?
False
Is 12 a factor of 2677954?
False
Is 19 a factor of 180460605?
False
Is 66481474 a multiple of 818?
False
Is 36 a factor of 403206177?
False
Does 11 divide 35090124?
False
Does 1696 divide 43985760?
True
Is 4835 a factor of 940243110?
True
Does 60 divide 838789020?
True
Is 1812314156 a multiple of 128?
False
Is 68 a factor of 13554780?
True
Is 67584061 a multiple of 132?
False
Is 161099424 a multiple of 776?
False
Is 219053643 a multiple of 2626?
False
Is 249 a factor of 740458521?
True
Is 139956302 a multiple of 199?
True
Does 53 divide 211713217?
True
Is 85003619 a multiple of 488?
False
Is 268501230 a multiple of 111?
True
Is 26 a factor of 125545524?
True
Is 89050484 a multiple of 657?
False
Is 16716895 a multiple of 6?
False
Does 71 divide 75363719?
False
Does 5117 divide 2397771303?
False
Does 566 divide 2114807285?
False
Is 3445 a factor of 605994048?
False
Is 48 a factor of 173439792?
True
Is 64703845 a multiple of 5?
True
Is 1264117 a multiple of 5?
False
Is 2969 a factor of 276464373?
True
Is 64655488 a multiple of 68?
True
Does 4 divide 14717201?
False
Is 8 a factor of 127301639?
False
Is 52 a factor of 51472513?
False
Is 547 a factor of 3501944871?
True
Does 65 divide 2355470?
True
Does 12 divide 99552230?
False
Is 49852128 a multiple of 1464?
True
Is 982 a factor of 2420855785?
False
Is 724864454 a multiple of 29?
True
Is 1514 a factor of 1258933813?
False
Is 6 a factor of 1951554896?
False
Is 3139209374 a multiple of 109?
True
Is 94269 a multiple of 201?
True
Is 168 a factor of 3643214?
False
Is 188 a factor of 49969084?
True
Does 28 divide 421398166?
False
Is 670 a factor of 63543004?
False
Is 2 a factor of 5873280?
True
Does 4 divide 16670785?
False
Is 1332891248 a multiple of 16?
True
Does 322 divide 218921011?
False
Is 15981900 a multiple of 330?
True
Is 151 a factor of 8610926?
True
Is 401998354 a multiple of 260?
False
Is 395472201 a multiple of 3?
True
Is 12921447 a multiple of 7?
True
Is 76 a factor of 5507514683?
False
Does 7 divide 43163599?
False
Is 163263233 a multiple of 71?
False
Is 153061078 a multiple of 2126?
False
Is 141 a factor of 10343443?
False
Is 217 a factor of 312259619?
False
Is 19 a factor of 47327732?
False
Is 2925313 a multiple of 179?
False
Is 933852057 a multiple of 9?
False
Is 100884125 a multiple of 1361?
True
Is 1930 a factor of 135067190?
True
Does 6 divide 2370900240?
True
Does 2887 divide 198853048?
False
Does 3 divide 18844152?
True
Is 1445 a factor of 17545190?
True
Is 21 a factor of 152175387?
True
Is 108141600 a multiple of 314?
True
Is 85 a factor of 7053385?
True
Does 1058 divide 25197135?
False
Does 64 divide 733035776?
True
Is 116652132 a multiple of 12?
True
Is 589401391 a multiple of 50?
False
Does 874 divide 431731172?
False
Is 27 a factor of 41900382?
True
Does 21 divide 18491529?
True
Does 4075 divide 83968254?
False
Does 123 divide 1567366844?
False
Is 29190665 a multiple of 35?
True
Is 215 a factor of 13300563?
False
Is 366220043 a multiple of 2725?
False
Is 9 a factor of 7251336?
True
Is 133 a factor of 41379492?
True
Does 221 divide 214319833?
True
Is 2933913299 a multiple of 4957?
False
Does 20 divide 46016980?
True
Does 3864 divide 570341300?
False
Is 626292427 a multiple of 103?
True
Is 1901208805 a multiple of 32?
False
Is 16 a factor of 47058656?
True
Is 2194581010 a multiple of 147?
False
Is 63 a factor of 3002643?
True
Is 66 a factor of 506536632?
False
Does 70 divide 19432770?
True
Does 34 divide 24018386?
False
Does 12 divide 2133818034?
False
Does 30 divide 16465339?
False
Does 9 divide 1620942775?
False
Is 9 a factor of 11666286?
True
Is 16859527 a multiple of 155?
False
Does 155 divide 144878500?
True
Does 246 divide 76368632?
False
Does 467 divide 39200914?
True
Does 7 divide 85506039?
False
Is 10 a factor of 173762800?
True
Is 207569146 a multiple of 887?
False
Is 56569776 a multiple of 2006?
False
Is 2024 a factor of 275233640?
True
Is 5346 a factor of 225055908?
True
Is 560763450 a multiple of 676?
False
Does 489 divide 3614218071?
True
Is 1173148996 a multiple of 1348?
False
Is 657 a factor of 41561820?
True
Is 1829362 a multiple of 10?
False
Does 21 divide 15103851?
True
Is 2361808 a multiple of 115?
False
Does 85 divide 733236096?
False
Is 976071174 a multiple of 5986?
True
Is 18194384 a multiple of 1010?
False
Does 1782 divide 1565791722?
True
Is 172369533 a multiple of 203?
True
Is 91484588 a multiple of 13?
True
Is 18284986 a multiple of 682?
False
Does 10 divide 1670126890?
True
Does 178 divide 855198190?
False
Is 889 a factor of 94949239?
False
Is 57 a factor of 364936296?
False
Is 112293742 a multiple of 74?
True
Does 41 divide 60458641?
True
Is 606824444 a multiple of 622?
True
Is 110 a factor of 4091230?
True
Is 123508569 a multiple of 57?
True
Is 175794255 a multiple of 6730?
False
Is 29255785 a multiple of 27?
False
Does 50 divide 100246847?
False
Does 334 divide 1224222892?
True
Does 140 divide 476414960?
True
Is 166836906 a multiple of 23?
False
Is 44094338 a multiple of 31?
True
Is 15 a factor of 91098961?
False
Is 198 a factor of 531240860?
False
Does 97 divide 5196409387?
False
Is 33 a factor of 26164776?
True
Does 22 divide 469827059?
False
Is 33189268 a multiple of 2164?
True
Is 24 a factor of 88182158?
False
Is 102106680 a multiple of 1413?
False
Is 55 a factor of 10164220?
True
Is 185 a factor of 162753?
False
Is 20772741 a multiple of 33?
True
Is 51124287 a multiple of 10?
False
Does 842 divide 96005682?
True
Does 335 divide 6940530?
True
Does 21 divide 344417661?
True
Does 175 divide 421177875?
False
Does 1513 divide 157755385?
False
Does 2253 divide 229449919?
False
Is 93 a factor of 1086455667?
True
Does 27 divide 2970495377?
False
Is 19 a factor of 84278414?
True
Does 970 divide 25661350?
True
Does 22 divide 2233300812?
False
Is 2402844 a multiple of 34?
False
Is 393888068 a multiple of 206?
True
Is 13 a factor of 1310293835?
False
Is 1240 a factor of 60812800?
False
Is 58318200 a multiple of 1432?
True
Does 8 divide 78320?
True
Does 7 divide 2041474?
False
Is 1112679698 a multiple of 284?
False
Is 1996311225 a multiple of 56?
False
Is 366465739 a multiple of 127?
True
Does 733 divide 420344139?
False
Does 2 divide 13984585?
False
Does 2043 divide 141122268?
True
Does 12 divide 12986904?
True
Is 96 a factor of 2274845472?
True
Is 186 a factor of 6241788?
True
Is 293 a factor of 623581731?
False
Is 1312 a factor of 235980735?
False
Does 369 divide 49184664?
False
Is 1841475 a multiple of 2191?
False
Does 7388 divide 2281415989?
False
Is 35 a factor of 68872860?
True
Is 72 a factor of 463090968?
True
Is 98414224 a multiple of 2192?
True
Is 1689687150 a multiple of 3261?
True
Is 1930651325 a multiple of 775?
True
Does 1021 divide 14339945?
True
Is 552040800 a multiple of 200?
True
Is 1475797065 a multiple of 33?
False
Does 19 divide 1621381055?
True
Does 77 divide 134455821?
False
Does 658 divide 16891518?
True
Is 4666873463 a multiple of 179?
False
Is 517 a factor of 14843457?
False
Is 189 a factor of 16907184?
True
Is 36 a factor of 58199436?
True
Is 398358450 a multiple of 1557?
True
Is 13 a factor of 39823682?
False
Does 500 divi